 1?
0
Let i = -1 - -23. Calculate the remainder when i is divided by 6.
4
Let i = 8 - -34. Suppose -28 = -5*p + i. What is the remainder when p is divided by 5?
4
Let c be -1*(3 + 3*-4). Calculate the remainder when 7/3 - 3/c is divided by 1.
0
Suppose -9 = 4*w - 33. Calculate the remainder when ((-21)/w)/(2/(-12)) is divided by 8.
5
Suppose -5*w + 120 = -0*b + 3*b, 4*b - 62 = -2*w. Let x be (3 + 0)/((-2)/(-10)). What is the remainder when 4/(-10) + 921/x is divided by w?
19
Suppose 28 = -b - w + 118, 5*w + 230 = 3*b. Suppose -4*n = n - b. What is the remainder when n is divided by 6?
5
Let w = -59 + 93. What is the remainder when w is divided by 32/6*(-9)/(-4)?
10
Suppose 2*a - 3*l = 7*a - 84, a - 2*l - 9 = 0. Let x = 18 + 25. Calculate the remainder when x is divided by a.
13
Let n = -33 + 68. Suppose 2*d = -5*c + 9, 0*d + 24 = 3*d + 4*c. Calculate the remainder when n is divided by d.
11
Let q = -1 + 5. Let x be 32/24*3/(-2). Calculate the remainder when 14 - (x + 0 + 5) is divided by q.
3
Let q be ((-6)/(-4))/((-6)/88). Let f = 7 - q. What is the remainder when f is divided by 10?
9
Calculate the remainder when 2*97*(8/(-4))/(-4) is divided by 20.
17
Let c = 18 - 9. Suppose 4*o - 29 = -c. Suppose -5*r - o*x + 3*x + 100 = 0, -r - x + 20 = 0. What is the remainder when r is divided by 7?
6
Suppose -3*b = 5*r - 3, b - 2 = 2*r + 3*b. Let x = r + 20. What is the remainder when x is divided by 8?
7
What is the remainder when (-7*(-8)/(-20))/(2/(-70)) is divided by 25?
23
Let b(d) = -2*d**3 - 13*d**2 - 9*d + 15. Calculate the remainder when b(-8) is divided by 56.
55
Suppose -2*f = -5*t - 20, -2*t + 3*f - 6 = 2. What is the remainder when ((1 - -2) + t)*-21 is divided by 11?
10
Let q be (-12)/((-1)/(-1 + 0)). Calculate the remainder when (-219)/q - (-2)/(-8) is divided by 10.
8
Let q = 41 + -24. Suppose -27 = 4*i - 223. What is the remainder when i is divided by q?
15
Let f(w) = 9*w - 19. What is the remainder when 69 is divided by f(6)?
34
Let v be 2/3*42/(-4). Let x(c) = -c**2 - 9*c + 14. What is the remainder when 55 is divided by x(v)?
27
Suppose 5*u - 176 = 3*c, -2*u - c + 62 = -5*c. What is the remainder when u is divided by 10?
7
Suppose 5*y + 2*k - 6*k - 27 = 0, 15 = 2*y - 3*k. Let o(a) = -4 + 5*a + 4*a**2 + 5 - 3*a. Calculate the remainder when o(-1) is divided by y.
0
What is the remainder when 74 is divided by 20/(-14)*14*-1?
14
Let o = -4 + 2. Let r(u) = u**2. Let f be r(-2). Calculate the remainder when (o/(-2))/(f/80) is divided by 7.
6
Let h(i) = i**2 + 15*i - 4. Let b be h(-15). Calculate the remainder when (-8)/(b + (-15)/(-4)) is divided by 11.
10
Suppose -21 = -3*p + 2*i, 7*p - 37 = 2*p + 4*i. Suppose -p*u + 382 = -3. Suppose -27 = 2*s - u. What is the remainder when s is divided by 9?
7
Suppose -10*f = -11*f + 3. Calculate the remainder when f is divided by 2.
1
Let c = 379 - 198. Let j = -122 + c. What is the remainder when j is divided by 20?
19
Suppose 5*s - 3*s - 14 = 0. Let c = 3 - s. What is the remainder when 4/(-7)*14/c is divided by 2?
0
Let k(a) = a**2 + 2*a + 3. Let f be k(-6). Let o = f + -13. What is the remainder when 101/4 + 15/20 is divided by o?
12
Let k = -6 - -10. Let v(d) = 2 + 7 - 2*d + d. Calculate the remainder when k is divided by v(6).
1
Let n = 114 + -36. Suppose 0 = 2*s - 37 - 3. What is the remainder when n is divided by s?
18
Suppose -4*c - u + 6*u + 95 = 0, -2*c + u = -55. Let o = -10 + 21. What is the remainder when c is divided by o?
8
Let f(j) = j**3 + 5*j**2 - 5*j + 14. Calculate the remainder when 55 is divided by f(-6).
7
Suppose -18 = -5*i + 12. Suppose 3*p + i = p. Let x(r) = 2*r**2 + 4*r + 1. What is the remainder when x(p) is divided by 3?
1
Let t be 546/(-22) - (-8)/(-44). Let p be 13/5 - 10/t. Suppose -5*h - 20 = 0, -4*h + p*h = -3*u + 16. Calculate the remainder when 10 is divided by u.
2
Let p = -10 + 21. Suppose g - 12 - p = 0. Calculate the remainder when g is divided by 6.
5
Let w be 6*((-8)/(-6) - 0). Let k = 5 + w. Suppose 10 = 2*o, -2*m + 0 = -4*o + 10. Calculate the remainder when k is divided by m.
3
Calculate the remainder when 24 is divided by 144/72*5/(-4)*-2.
4
Suppose 5*j - 75 = 3*c, 0 = 2*j - 4*c + 2*c - 30. Suppose 4*k - 4 = 4*y, k + k - 23 = -5*y. Suppose y*r - r = 86. What is the remainder when r is divided by j?
13
Let v = -259 - -412. Calculate the remainder when v is divided by 13.
10
Let d(m) = -m**3 + 7*m**2 + 7*m + 11. Let g be d(8). Suppose -2*b - g*b = 0. Suppose b = s - 7 - 4. What is the remainder when 21 is divided by s?
10
Suppose b = 0, 0*b = 4*u - 2*b - 76. Let n(f) = f**3 - 16*f**2 - 18*f + 21. What is the remainder when u is divided by n(17)?
3
Let x = -18 + 30. Calculate the remainder when 46 is divided by x.
10
Calculate the remainder when (-6 + (-28)/(-8))*-2 is divided by 22/6 - 4/6.
2
Let f = 6 - -2. Suppose 2*b = 3*b - f. Calculate the remainder when 30 is divided by b.
6
Let j(r) = 2 + 1 - r**2 + 4*r + 1. Let a be j(5). What is the remainder when a*1*220/(-4) is divided by 19?
17
Let u be ((-10)/(-5) - 0) + -4. Let d = 24 + -14. What is the remainder when d is divided by 6*(u - 8/(-3))?
2
Let u = -19 - -32. What is the remainder when (114/15)/(1/5) is divided by u?
12
Suppose -2*q + 5*q = 0. Suppose -5*s + 6 + 64 = q. What is the remainder when 27 is divided by s?
13
Suppose 2*a - 2*q - 68 = 30, -69 = -a - 3*q. Let j(k) = -k - k + 2*k + 2*k - 2. What is the remainder when a is divided by j(8)?
12
Suppose -5*l + 10 = 0, -2*k - 317 - 439 = 4*l. Suppose 5*a + m - 71 = 0, -5*a - 5*m + 27 = -48. Calculate the remainder when 6/(-21) - k/14 is divided by a.
13
Let o = -29 + 13. Let r be o/(-12)*3/2. Suppose 30 = 4*f - r*f. Calculate the remainder when 28 is divided by f.
13
Let j be -3 - -3*(-2)/(-2). Suppose -2*q + 2 = j, -2*c + 3 = 4*q - 11. What is the remainder when 8 is divided by c?
3
Suppose -4*v = 4, -2*m + 0*m - 3*v + 37 = 0. Calculate the remainder when m is divided by 11.
9
Let k be (3 - 6)/(6/4). Let j(t) = 3*t**2 + 3*t + 2. What is the remainder when j(k) is divided by (-4)/10 + 81/15?
3
Suppose -2*a + 82 = 5*n - 5*a, 3*n - 54 = 3*a. What is the remainder when 38 is divided by n?
10
Suppose 0 = 2*s - 3*s + 15. Suppose 2*h - 5*w - 81 = 0, 0 = -h + w + 18 + s. Calculate the remainder when h is divided by 10.
8
Suppose 2*a - 4*n - 24 = 104, -4*n = 12. Calculate the remainder when a is divided by 31.
27
Let q(v) = v**2 + 8*v + 9. Let p be q(-7). Let j(l) = -4*l**2 - l - 2. Let n be j(p). Let h = n - -93. Calculate the remainder when h is divided by 25.
23
Let g = 22 - 16. Calculate the remainder when g is divided by 3.
0
Let f be ((-6)/4)/(2/(-20)). Let n be 6/f + (-13)/(-5). Suppose 0 = -w - s + 24, n*s - 6*s - 75 = -4*w. Calculate the remainder when w is divided by 11.
10
Let p(l) = -21*l - 81. Calculate the remainder when 18 is divided by p(-4).
0
Suppose 0*r - 3*r = -24. Let k = -32 + 63. What is the remainder when k is divided by r?
7
Let m = -16 - -71. What is the remainder when m is divided by 28?
27
Suppose 7*j - 225 - 153 = 0. What is the remainder when j is divided by 19?
16
Let s(p) = -21*p - 26. Calculate the remainder when s(-8) is divided by 13.
12
Let s(j) = -j + 22. Calculate the remainder when 45 is divided by s(10).
9
Let p = 10 + 3. What is the remainder when 51 is divided by p?
12
Let b = 0 + 2. Let w(a) = 1 - 2*a + a - a + 7*a**3 + b*a**2. What is the remainder when w(1) is divided by 5?
3
Let f(g) = g - 5*g + 4*g + 12*g**2 - 2*g - 1. Calculate the remainder when f(-1) is divided by 7.
6
Let x(i) = 30*i**2 + 2*i + 1. Let m = -31 + 63. What is the remainder when x(2) is divided by m?
29
Let u(x) = x**3 + 5*x**2 - 5*x - 4. Let p be -1 + (-1 + 2 - 5). What is the remainder when u(p) is divided by (-1 + 14/3)*3?
10
Let f(b) = 8*b + 6 + 23*b - 2*b. Let o be f(-4). What is the remainder when o/(-4) + 3/(-2) is divided by 9?
8
Suppose 5*p - 2*u = 127, -5*u = -10*u - 5. Calculate the remainder when 72 is divided by p.
22
Suppose -6*f + 148 = -3*f - 4*o, f - 4*o = 36. Let g(n) = n**2 + 20*n + 19. Calculate the remainder when f is divided by g(-20).
18
Suppose 3*d - h - 285 = 0, 5*d - 482 = 7*h - 3*h. Calculate the remainder when d is divided by 49.
45
Let h(v) = 2*v**2 + 6. Calculate the remainder when h(3) is divided by 14.
